, what is 3 - 139001?
-138aa9
In base 3, what is -2 + -10201?
-10210
In base 2, what is -10011011011110100011 + -1?
-10011011011110100100
In base 13, what is 20229 + 10?
20239
In base 4, what is -23 - 200302000?
-200302023
In base 16, what is 2f - 2227?
-21f8
In base 4, what is -13032 - 11003?
-30101
In base 14, what is -5 + -11bbd?
-11bc4
In base 15, what is 76ea + -5?
76e5
In base 6, what is -5423 - -2400?
-3023
In base 9, what is 4 + 74603?
74607
In base 7, what is 1025626 + 1?
1025630
In base 13, what is 134 - -33?
167
In base 2, what is -100 - -10000010000111101?
10000010000111001
In base 4, what is -12331 - 11?
-13002
In base 12, what is 60 + -1020?
-b80
In base 13, what is -5 + 65bb4?
65bac
In base 13, what is -1391 + -32?
-13c3
In base 16, what is fc0 + 6?
fc6
In base 16, what is -3a3c74 + 4?
-3a3c70
In base 14, what is 4 - -231cb?
231d1
In base 9, what is -476 - 180?
-666
In base 16, what is 14 + e01?
e15
In base 6, what is 13553 - 1553?
12000
In base 11, what is 3 + -4aa43?
-4aa40
In base 7, what is -1 - 24220?
-24221
In base 5, what is 10142 + -2043?
3044
In base 10, what is 2 + 86012?
86014
In base 3, what is 0 - 10100202100?
-10100202100
In base 9, what is 28354 - -152?
28516
In base 3, what is 112 + 100012112020?
100012112202
In base 2, what is 1011000111011 + -1001110?
1010111101101
In base 7, what is 5 - -301256?
301264
In base 15, what is 1b7db + -12?
1b7c9
In base 5, what is 433201 - -20?
433221
In base 15, what is 115 + -81?
84
In base 16, what is 5ff + -26?
5d9
In base 8, what is 12033373 - -3?
12033376
In base 10, what is -204 + 7844?
7640
In base 12, what is -1881 - 2?
-1883
In base 7, what is -214554 + 2?
-214552
In base 6, what is -300120 - 4?
-300124
In base 16, what is -a - 112e1?
-112eb
In base 9, what is 11842 - 4?
11837
In base 12, what is -5 + -154793?
-154798
In base 9, what is 774848 + 4?
774853
In base 10, what is 11844 - 2?
11842
In base 15, what is 1 - -24c6?
24c7
In base 4, what is 22 - 1220223?
-1220201
In base 6, what is -300 + 4255?
3555
In base 16, what is -26 + -2440?
-2466
In base 16, what is -1111b - -3?
-11118
In base 3, what is -120 + 11100200?
11100010
In base 4, what is -23313230 - 1?
-23313231
In base 9, what is 174680 + -2?
174677
In base 11, what is 101 + 54?
155
In base 14, what is 1 - 1103d?
-1103c
In base 14, what is 39 + 2ca8?
2d03
In base 16, what is -ee - -11b?
2d
In base 15, what is 1 + 2716b?
2716c
In base 15, what is -2 - -28292?
28290
In base 13, what is -94 + 573?
4ac
In base 5, what is 2 + -10444304?
-10444302
In base 6, what is 4 - -450433?
450441
In base 14, what is -5 + 71527?
71522
In base 5, what is 310301 - 20?
310231
In base 14, what is 96d1 - 8?
96c7
In base 11, what is 2 - 12a975?
-12a973
In base 8, what is 1615 - -1642?
3457
In base 3, what is 12 + 22201121?
22201210
In base 5, what is -123121130 - 0?
-123121130
In base 16, what is -27231 + -4?
-27235
In base 16, what is 0 - 5481?
-5481
In base 11, what is 702 + 21a3?
28a5
In base 2, what is -10111100001000000 - 1?
-10111100001000001
In base 6, what is 220 - -412533?
413153
In base 14, what is -1 + -2a28d?
-2a290
In base 16, what is 3d7b3 + -5?
3d7ae
In base 16, what is -198a3 + 3?
-198a0
In base 12, what is -10b05 - 3?
-10b08
In base 10, what is -2641 + 7?
-2634
In base 4, what is 110 - 23322313?
-23322203
In base 11, what is 4 - -333aa?
33403
In base 15, what is -5 - 38d6?
-38db
In base 14, what is -7bb - c?
-7c9
In base 2, what is -100011100 + -110101111000?
-111010010100
In base 4, what is 2223 - -100123?
103012
In base 7, what is 56350 - 310?
56040
In base 8, what is 20372 - -535?
21127
In base 16, what is 4 + 2741?
2745
In base 15, what is 11 - -b6b?
b7c
In base 15, what is -47630 + 4?
-4762b
In base 15, what is 6 + -962?
-95b
In base 4, what is 20000123 + -101?
20000022
In base 10, what is 43 + 165790?
165833
In base 6, what is 2 - 2243?
-2241
In base 2, what is -11000111111011000010 + -1?
-11000111111011000011
In base 6, what is 12142420 - 4?
12142412
In base 6, what is -3 - 303504?
-303511
In base 16, what is -ac7b62 + 5?
-ac7b5d
In base 11, what is 3 - -18736?
18739
In base 8, what is -3 + 204714?
204711
In base 16, what is -1b2 - b01?
-cb3
In base 7, what is -2120 + 450?
-1340
In base 6, what is -1300400 - -3?
-1300353
In base 4, what is -213202221 + 0?
-213202221
In base 14, what is -7 - -23?
1a
In base 8, what is -2203637 - 13?
-2203652
In base 7, what is -442 + 12523?
12051
In base 6, what is -5 - 3001011?
-3001020
In base 4, what is 11 + -31203023?
-31203012
In base 8, what is 65 + -157?
-72
In base 12, what is -1 - 341882?
-341883
In base 14, what is -3 - 1d3c?
-1d41
In base 13, what is 2aa6 + 8?
2ab1
In base 10, what is 0 - 16867?
-16867
In base 6, what is 2 - 324?
-322
In base 11, what is -232 + 4053?
3921
In base 13, what is -11c32 + -1?
-11c33
In base 16, what is 7 + 24a5?
24ac
In base 5, what is -131202 - -13?
-131134
In base 2, what is -100000 - -1101010101?
1100110101
In base 2, what is -11110001001 - -10?
-11110000111
In base 8, what is -10 + 6243?
6233
In base 10, what is -12 - -29810?
29798
In base 16, what is -51 - 185?
-1d6
In base 11, what is -134a1 + -5?
-134a6
In base 7, what is 166333 + -2?
166331
In base 16, what is -2e81 - 2?
-2e83
In base 2, what is -1001 + 1011011111000?
1011011101111
In base 9, what is 4 - -266246?
266251
In base 3, what is 0 - 222112000?
-222112000
In base 10, what is 2212 - -25?
2237
In base 12, what is -17a - 244?
-402
In base 7, what is -43 - -1614?
1541
In base 10, what is 3 - -25900?
25903
In base 13, what is -199 + -6543?
-670c
In base 14, what is -2 - c478?
-c47a
In base 6, what is -30 + -1432?
-1502
In base 8, what is -107 - -317?
210
In base 7, what is -4 + 521016?
521012
In base 7, what is -5 + -3034065?
-3034103
In base 4, what is 10031333 - 100?
10031233
In base 4, what is 3210 + -210?
3000
In base 12, what is 22998 + a3?
22a7b
In base 4, what is 10 - 201313333?
-201313323
In base 5, what is 431144 - -1?
431200
In base 4, what is -11030003 + -13?
-11030022
In base 16, what is 4 + -7087?
-7083
In base 13, what is 29b - 1a3?
c8
In base 2, what is -1 + -1101011100010101101?
-1101011100010101110
In base 15, what is b37a - -2b?
b3a6
In base 13, what is 1355ac - 3?
1355a9
In base 16, what is 4 + -9da?
-9d6
In base 16, what is -3 + -23b6a?
-23b6d
In base 3, what is -122012102 - -1?
-122012101
In base 12, what is 2b6b - 1?
2b6a
In base 4, what is -10 + 12100020?
12100010
In base 14, what is 3 - -26278?
2627b
In base 9, what is 15 + -45551?
-45535
In base 6, what is 34513020 - -2?
34513022
In base 13, what is 4488 + -48?
4440
In base 2, what is 100001010100 + -1001?
100001001011
In base 2, what is -1011011011 + -111011?
-1100010110
In base 14, what is -197 - -ab6?
91d
In base 5, what is 402113 - -1?
402114
In base 10, what is 0 - 89066?
-89066
In base 2, what is -101100001101011110 - -111?
-101100001101010111
In base 13, what is 6 + 24652?
24658
In base 12, what is -3 + -28173?
-28176
In base 16, what is -36 - 27bb?
-27f1
In base 11, what is 24299 + -2?
24297
In base 7, what is 1261540 - -5?
1261545
In base 11, what is -5 + 3487a8?
3487a3
In base 10, what is 2 + -48413?
-48411
In base 12, what is -2626a + 5?
-26265
In base 3, what is 112100 + -2020201?
-1201101
In base 16, what is -d + -bcf0?
-bcfd
In base 11, what is -30 + 7840?
7810
In base 8, what is 5 - 5431?
-5424
In base 8, what is -1 - -64622?
64621
In base 5, what is 14 + -1234040?
-1234021
In base 13, what is 6 + -26bc6a?
-26bc64
In base 15, what is 5 + 1127?
112c
In base 9, what is -11534 + 110?
-11424
In base 13, what is b8 + -689?
-5a1
In base 11, what is 22116 + -1?
22115
In base 10, what is -25060 + -4?
-25064
In base 12, what is 60 - 3b3a?
-3a9a
In base 6, what is 235544 - 25?
235515
In base 5, what is 1110300 - -4?
1110304
In base 2, what is 10001 - 11011110101?
-11011100100
In base 11, what is -77799 + -2?
-777a0
In base 7, what is -42 - -32314?
32242
In base 11, what is 63 + -393?
-330
In base 6, what is 2013235 + -1?
2013234
In base 16, what is -22 + 20b?
1e9
In base 10, what is 2 + -27084?
-27082
In base 12, what is 30 - 80?
-50
In base 14, what is ac - -ba3?
c71
In base 5, what is 12 - 134320?
-134303
In base 13, what is -10 - 34974?
-34984
In base 10, what is -2032 - 758?
-2790
In base 4, 